ber?
True
Is 1897541 prime?
False
Is 2389667123 composite?
True
Is 17681023007 a prime number?
True
Is 3570571931 prime?
False
Is 1508249017 prime?
False
Is 3741392707 a prime number?
False
Is 55737373 a composite number?
True
Is 715718621 prime?
False
Is 165521023 prime?
True
Is 38497489 prime?
True
Is 249232169 composite?
False
Is 129653550839 prime?
False
Is 338048311 a composite number?
True
Is 13718771089 prime?
False
Is 12708414527 a composite number?
False
Is 89151913 composite?
False
Is 620307821 prime?
False
Is 216801031 prime?
True
Is 157291034153 prime?
False
Is 487595881 a composite number?
False
Is 34435617287 prime?
False
Is 332237542571 prime?
False
Is 1733208691 a composite number?
True
Is 1963464211 prime?
False
Is 562051709 composite?
True
Is 1811988119 a prime number?
True
Is 156556909 a prime number?
True
Is 412309549 prime?
False
Is 25566599587 a prime number?
True
Is 1719918643 composite?
False
Is 20593526318 composite?
True
Is 36058631899 composite?
True
Is 8159011097 composite?
True
Is 93869983 prime?
True
Is 2378389807 composite?
True
Is 18843181921 prime?
True
Is 499980883 a prime number?
False
Is 8649368471 a prime number?
False
Is 1141895471 composite?
False
Is 430501007 a prime number?
True
Is 1083730313 composite?
False
Is 1467609667 a prime number?
True
Is 2278588643 a prime number?
True
Is 217089217 prime?
False
Is 19330273007 a composite number?
True
Is 68979893 a prime number?
False
Is 28977518539 prime?
True
Is 8605671289 prime?
True
Is 20762254918 a prime number?
False
Is 13267904921 composite?
True
Is 99023201339 composite?
False
Is 12012837205 composite?
True
Is 53197165271 a composite number?
True
Is 5566181101 a prime number?
False
Is 7260955057 composite?
True
Is 83203574 a composite number?
True
Is 40007856661 a prime number?
False
Is 41942817841 a prime number?
True
Is 152208864349 a composite number?
False
Is 2054254253 prime?
False
Is 157983757 a prime number?
False
Is 1723890099 composite?
True
Is 111099769 composite?
True
Is 899647243 a prime number?
False
Is 64943533763 composite?
True
Is 5234658769 a composite number?
False
Is 12452323217 composite?
True
Is 6451209983 a prime number?
False
Is 5358281911 composite?
True
Is 12291204293 composite?
False
Is 2007105599 prime?
False
Is 96761521 prime?
True
Is 469651579 a composite number?
False
Is 91951897 a prime number?
False
Is 8647646207 a prime number?
False
Is 7590541993 a prime number?
False
Is 6325757803 composite?
False
Is 171659043437 a prime number?
False
Is 808297823 a composite number?
False
Is 300118879 composite?
False
Is 132649186453 composite?
True
Is 4452895883 composite?
False
Is 1002132491 a prime number?
True
Is 1047806533 prime?
True
Is 115747405831 composite?
False
Is 5101088621 a prime number?
True
Is 6986273171 prime?
False
Is 1366256443 prime?
False
Is 312621707 prime?
False
Is 7165180957 composite?
True
Is 1610275031 a prime number?
True
Is 149154390721 a composite number?
True
Is 2472266281 a prime number?
True
Is 1016127573 prime?
False
Is 21054953009 a prime number?
True
Is 619044431 composite?
True
Is 3456483959 composite?
True
Is 47858459489 prime?
True
Is 195998256173 a prime number?
False
Is 25177751161 a prime number?
False
Is 19990203377 a prime number?
False
Is 542764923107 composite?
True
Is 680815151 a composite number?
True
Is 1115366309 composite?
False
Is 761327611 a prime number?
False
Is 1253678507 a prime number?
True
Is 34122128993 prime?
False
Is 6888139 prime?
True
Is 301688555407 a composite number?
False
Is 44873167057 prime?
False
Is 54511503077 a prime number?
True
Is 40324508321 composite?
True
Is 267477883 prime?
True
Is 1770834613 a prime number?
False
Is 68059115 a composite number?
True
Is 2523979331 composite?
True
Is 2281264837 a prime number?
True
Is 2338376291 prime?
False
Is 565201723 a composite number?
True
Is 28856673971 composite?
True
Is 22016009339 a prime number?
False
Is 14569239851 composite?
False
Is 9852421049 a prime number?
False
Is 30586015723 prime?
True
Is 8465391739 composite?
True
Is 5155544929 prime?
True
Is 399483349 a prime number?
False
Is 58663979063 a composite number?
False
Is 6685816567 composite?
False
Is 15348608027 composite?
True
Is 215465519 a composite number?
False
Is 745019351 composite?
False
Is 122816133863 composite?
True
Is 38706737 prime?
False
Is 5424368567 prime?
True
Is 16922846539 a prime number?
True
Is 1449440233 prime?
True
Is 3708780351 prime?
False
Is 1258478647 prime?
False
Is 2915758873 composite?
False
Is 17892678241 prime?
False
Is 938817881 a prime number?
False
Is 293254558145 a prime number?
False
Is 5714014013 composite?
True
Is 418422559 prime?
True
Is 1186556911 a composite number?
False
Is 3463353121 a composite number?
False
Is 1115398019 composite?
False
Is 932803369 prime?
False
Is 10083601343 prime?
True
Is 178806981 a prime number?
False
Is 125464447039 composite?
False
Is 163369117 a prime number?
False
Is 46747704869 a composite number?
False
Is 12378433829 a prime number?
True
Is 8330227793 a composite number?
False
Is 668009887 prime?
True
Is 1371173233 a prime number?
False
Is 95991395663 prime?
True
Is 6647316107 prime?
False
Is 23190917 prime?
True
Is 4744332977 composite?
False
Is 14127202654 composite?
True
Is 26580743207 prime?
False
Is 1263617129 prime?
True
Is 3454249163 prime?
False
Is 17826618841 a composite number?
True
Is 3138703949 composite?
False
Is 13196517913 prime?
False
Is 2526393383 a composite number?
True
Is 25115474897 composite?
True
Is 1055200717 composite?
True
Is 700367897 a prime number?
False
Is 682002161 a prime number?
True
Is 5092663073 prime?
True
Is 222151619 prime?
False
Is 44825675849 a prime number?
True
Is 909552673 composite?
True
Is 12940413143 a prime number?
False
Is 11799994837 composite?
False
Is 27571977715 prime?
False
Is 6128726837 a composite number?
False
Is 2235205507 a composite number?
False
Is 18440789 composite?
True
Is 2081473715 a prime number?
False
Is 2194111369 composite?
True
Is 1265682133 prime?
True
Is 68436520843 composite?
True
Is 2963754841 prime?
True
Is 164682053 a prime number?
True
Is 2429940511 composite?
True
Is 5018284811 prime?
True
Is 38127801223 composite?
True
Is 4335743 prime?
False
Is 5317867987 prime?
True
Is 41018759039 composite?
True
Is 12517190591 a prime number?
False
Is 10556647397 composite?
False
Is 26304740597 prime?
True
Is 362958077 a prime number?
True
Is 43056897439 prime?
False
Is 432282527 prime?
True
Is 1242325829 composite?
False
Is 787083865 composite?
True
Is 5423767229 a composite number?
False
Is 6357790877 a prime number?
True
Is 12462693767 a prime number?
False
Is 95180545621 prime?
False
Is 323502481 composite?
True
Is 8738649277 composite?
True
Is 689027662 composite?
True
Is 2105488003 a prime number?
True
Is 2661088919 composite?
True
Is 516164423 composite?
False
Is 101423598319 composite?
True
Is 142131247 prime?
True
Is 33191452777 a prime number?
False
Is 81254657927 composite?
False
Is 46781479 a composite number?
False
Is 2584505353 a prime number?
True
Is 6300306923 a prime number?
True
Is 22093635035 prime?
False
Is 147846698165 composite?
True
Is 1554027221 prime?
False
Is 21846725783 a composite number?
True
Is 416242691 composite?
False
Is 731953951 prime?
False
Is 9266557357 a prime number?
False
Is 1970184871 prime?
False
Is 778825559 a composite number?
False
Is 1176949651 a composite number?
False
Is 74275916861 composite?
True
Is 54386097086 a composite number?
True
Is 2023326293 a prime number?
False
Is 664278712363 composite?
True
Is 37199231 composite?
True
Is 11154461953 composite?
True
Is 166778369 a prime number?
True
Is 182129710417 a prime number?
True
Is 441284119 a prime number?
True
Is 6442532611 a composite number?
True
Is 130403422901 composite?
True
Is 3307645981 a composite number?
False
Is 6985445501 a prime number?
True
Is 3297505363 prime?
False
Is 2290407971 composite?
False
Is 239374828887 prime?
False
Is 35414372563 a composite number?
True
Is 1558035389 a prime number?
True
Is 16009387529 a composite number?
False
Is 11990537821 a composite number?
False
Is 32904671731 a composite number?
False
Is 1323397511 a prime number?
True
Is 1479915793 a composite number?
False
Is 26646